{"id":12,"date":"2025-07-10T10:31:09","date_gmt":"2025-07-10T08:31:09","guid":{"rendered":"https:\/\/datajoureneslov.se\/?page_id=12"},"modified":"2025-07-11T11:21:01","modified_gmt":"2025-07-11T09:21:01","slug":"datajouren-eslov","status":"publish","type":"page","link":"https:\/\/datajoureneslov.se\/","title":{"rendered":"Datajouren Esl\u00f6v"},"content":{"rendered":"\t\t<div data-elementor-type=\"wp-page\" data-elementor-id=\"12\" class=\"elementor elementor-12\" data-elementor-post-type=\"page\">\n\t\t\t\t<div class=\"elementor-element elementor-element-0b371a0 e-flex e-con-boxed e-con e-parent\" data-id=\"0b371a0\" data-element_type=\"container\" data-e-type=\"container\" data-settings=\"{&quot;background_background&quot;:&quot;classic&quot;}\">\n\t\t\t\t\t<div class=\"e-con-inner\">\n\t\t\t\t<div class=\"elementor-element elementor-element-5d2d5a5 elementor-widget elementor-widget-heading\" data-id=\"5d2d5a5\" data-element_type=\"widget\" data-e-type=\"widget\" data-widget_type=\"heading.default\">\n\t\t\t\t\t<h1 class=\"elementor-heading-title elementor-size-default\">Datajouren \u2013 Din lokala IT-expert i Esl\u00f6v!<\/h1>\t\t\t\t<\/div>\n\t\t\t\t\t<\/div>\n\t\t\t\t<\/div>\n\t\t<div class=\"elementor-element elementor-element-6277202 e-flex e-con-boxed e-con e-parent\" data-id=\"6277202\" data-element_type=\"container\" data-e-type=\"container\" data-settings=\"{&quot;background_background&quot;:&quot;classic&quot;}\">\n\t\t\t\t\t<div class=\"e-con-inner\">\n\t\t\t\t<div class=\"elementor-element elementor-element-d89d57f elementor-widget elementor-widget-heading\" data-id=\"d89d57f\" data-element_type=\"widget\" data-e-type=\"widget\" data-widget_type=\"heading.default\">\n\t\t\t\t\t<h2 class=\"elementor-heading-title elementor-size-default\">Har du problem med din dator?<\/h2>\t\t\t\t<\/div>\n\t\t\t\t<div class=\"elementor-element elementor-element-f150dc9 elementor-widget elementor-widget-text-editor\" data-id=\"f150dc9\" data-element_type=\"widget\" data-e-type=\"widget\" data-widget_type=\"text-editor.default\">\n\t\t\t\t\t\t\t\t\t<p>Ingen fara \u2013 Datajouren finns h\u00e4r f\u00f6r att hj\u00e4lpa dig!<\/p>\t\t\t\t\t\t\t\t<\/div>\n\t\t\t\t\t<\/div>\n\t\t\t\t<\/div>\n\t\t<div class=\"elementor-element elementor-element-a4db0c6 e-flex e-con-boxed e-con e-parent\" data-id=\"a4db0c6\" data-element_type=\"container\" data-e-type=\"container\">\n\t\t\t\t\t<div class=\"e-con-inner\">\n\t\t<div class=\"elementor-element elementor-element-17303fb e-con-full e-flex e-con e-child\" data-id=\"17303fb\" data-element_type=\"container\" data-e-type=\"container\">\n\t\t\t\t<div class=\"elementor-element elementor-element-a0967d6 elementor-widget elementor-widget-text-editor\" data-id=\"a0967d6\" data-element_type=\"widget\" data-e-type=\"widget\" data-widget_type=\"text-editor.default\">\n\t\t\t\t\t\t\t\t\t<p><strong>Vi erbjuder professionell hj\u00e4lp med:<\/strong><\/p>\t\t\t\t\t\t\t\t<\/div>\n\t\t\t\t<div class=\"elementor-element elementor-element-88ad4aa elementor-widget elementor-widget-text-editor\" data-id=\"88ad4aa\" data-element_type=\"widget\" data-e-type=\"widget\" data-widget_type=\"text-editor.default\">\n\t\t\t\t\t\t\t\t\t<p>\u2714\ufe0f Fels\u00f6kning och reparation av PC-datorer<br \/>\u2714\ufe0f Installation och konfiguration av program och system<br \/>\u2714\ufe0f Byggnation av skr\u00e4ddarsydda datorer<br \/>\u2714\ufe0f Fels\u00f6kning och reparation av hemman\u00e4tverk<br \/>\u2714\ufe0f Snabba hembes\u00f6k i Esl\u00f6v med omnejd<\/p>\t\t\t\t\t\t\t\t<\/div>\n\t\t\t\t<\/div>\n\t\t<div class=\"elementor-element elementor-element-6f6b477 e-con-full e-flex e-con e-child\" data-id=\"6f6b477\" data-element_type=\"container\" data-e-type=\"container\">\n\t\t\t\t<div class=\"elementor-element elementor-element-2c1f5e0 elementor-widget elementor-widget-text-editor\" data-id=\"2c1f5e0\" data-element_type=\"widget\" data-e-type=\"widget\" data-widget_type=\"text-editor.default\">\n\t\t\t\t\t\t\t\t\t<p><strong>Lokal IT-support du kan lita p\u00e5<\/strong><\/p>\t\t\t\t\t\t\t\t<\/div>\n\t\t\t\t<div class=\"elementor-element elementor-element-c8b4b74 elementor-widget elementor-widget-text-editor\" data-id=\"c8b4b74\" data-element_type=\"widget\" data-e-type=\"widget\" data-widget_type=\"text-editor.default\">\n\t\t\t\t\t\t\t\t\t<p>Med personlig service, snabb \u00e5terkoppling och l\u00e5ng erfarenhet inom IT \u00e4r vi din trygga partner n\u00e4r tekniken strular.<\/p><p>\ud83d\udccd Bes\u00f6k oss p\u00e5: V\u00e4stergatan 15, 241 31 Esl\u00f6v<br \/>\ud83d\udcde Ring oss idag: 073-4 2624 40<\/p>\t\t\t\t\t\t\t\t<\/div>\n\t\t\t\t<\/div>\n\t\t\t\t\t<\/div>\n\t\t\t\t<\/div>\n\t\t<div class=\"elementor-element elementor-element-a1a135b e-flex e-con-boxed e-con e-parent\" data-id=\"a1a135b\" data-element_type=\"container\" data-e-type=\"container\" data-settings=\"{&quot;background_background&quot;:&quot;classic&quot;}\">\n\t\t\t\t\t<div class=\"e-con-inner\">\n\t\t\t\t<div class=\"elementor-element elementor-element-621792a elementor-widget elementor-widget-text-editor\" data-id=\"621792a\" data-element_type=\"widget\" data-e-type=\"widget\" data-widget_type=\"text-editor.default\">\n\t\t\t\t\t\t\t\t\t<p>\ud83d\udd52 <strong>\u00d6ppet n\u00e4r du beh\u00f6ver oss \u2013 vi har jour!<\/strong><\/p>\t\t\t\t\t\t\t\t<\/div>\n\t\t\t\t<div class=\"elementor-element elementor-element-bd05423 elementor-widget elementor-widget-text-editor\" data-id=\"bd05423\" data-element_type=\"widget\" data-e-type=\"widget\" data-widget_type=\"text-editor.default\">\n\t\t\t\t\t\t\t\t\t<p>Tveka inte att h\u00f6ra av dig \u2013 vi hj\u00e4lper dig p\u00e5 plats.<br \/>\ud83d\udccd Datajouren \u2013 Tekniken fixad, snabbt och smidigt!<\/p>\t\t\t\t\t\t\t\t<\/div>\n\t\t\t\t\t<\/div>\n\t\t\t\t<\/div>\n\t\t\t\t<\/div>\n\t\t","protected":false},"excerpt":{"rendered":"<p>Datajouren \u2013 Din lokala IT-expert i Esl\u00f6v! Har du problem med din dator? Ingen fara \u2013 Datajouren finns h\u00e4r f\u00f6r att hj\u00e4lpa dig! Vi erbjuder professionell hj\u00e4lp med: \u2714\ufe0f Fels\u00f6kning och reparation av PC-datorer\u2714\ufe0f Installation och konfiguration av program och system\u2714\ufe0f Byggnation av skr\u00e4ddarsydda datorer\u2714\ufe0f Fels\u00f6kning och reparation av hemman\u00e4tverk\u2714\ufe0f Snabba hembes\u00f6k i Esl\u00f6v med [&hellip;]<\/p>\n","protected":false},"author":1,"featured_media":0,"parent":0,"menu_order":0,"comment_status":"closed","ping_status":"closed","template":"","meta":{"footnotes":""},"class_list":["post-12","page","type-page","status-publish","hentry"],"_links":{"self":[{"href":"https:\/\/datajoureneslov.se\/index.php\/wp-json\/wp\/v2\/pages\/12","targetHints":{"allow":["GET"]}}],"collection":[{"href":"https:\/\/datajoureneslov.se\/index.php\/wp-json\/wp\/v2\/pages"}],"about":[{"href":"https:\/\/datajoureneslov.se\/index.php\/wp-json\/wp\/v2\/types\/page"}],"author":[{"embeddable":true,"href":"https:\/\/datajoureneslov.se\/index.php\/wp-json\/wp\/v2\/users\/1"}],"replies":[{"embeddable":true,"href":"https:\/\/datajoureneslov.se\/index.php\/wp-json\/wp\/v2\/comments?post=12"}],"version-history":[{"count":92,"href":"https:\/\/datajoureneslov.se\/index.php\/wp-json\/wp\/v2\/pages\/12\/revisions"}],"predecessor-version":[{"id":124,"href":"https:\/\/datajoureneslov.se\/index.php\/wp-json\/wp\/v2\/pages\/12\/revisions\/124"}],"wp:attachment":[{"href":"https:\/\/datajoureneslov.se\/index.php\/wp-json\/wp\/v2\/media?parent=12"}],"curies":[{"name":"wp","href":"https:\/\/api.w.org\/{rel}","templated":true}]}}